e units digit of 1065?
5
What is the thousands digit of 28998?
8
What is the ten thousands digit of 25277?
2
What is the tens digit of 3073?
7
What is the tens digit of 2180?
8
What is the thousands digit of 4771?
4
What is the tens digit of 13593?
9
What is the units digit of 1577?
7
What is the tens digit of 18173?
7
What is the tens digit of 591?
9
What is the tens digit of 26898?
9
What is the tens digit of 1179?
7
What is the ten thousands digit of 21300?
2
What is the tens digit of 43576?
7
What is the hundreds digit of 908?
9
What is the thousands digit of 15835?
5
What is the ten thousands digit of 68581?
6
What is the thousands digit of 110461?
0
What is the tens digit of 178?
7
What is the units digit of 450?
0
What is the tens digit of 1369?
6
What is the tens digit of 3060?
6
What is the units digit of 12713?
3
What is the units digit of 165562?
2
What is the thousands digit of 14992?
4
What is the thousands digit of 1707?
1
What is the tens digit of 2104?
0
What is the units digit of 1616?
6
What is the thousands digit of 27491?
7
What is the units digit of 858?
8
What is the hundreds digit of 34272?
2
What is the thousands digit of 1849?
1
What is the tens digit of 125350?
5
What is the thousands digit of 2057?
2
What is the units digit of 95551?
1
What is the hundreds digit of 235?
2
What is the thousands digit of 63481?
3
What is the units digit of 644?
4
What is the thousands digit of 1350?
1
What is the units digit of 809?
9
What is the tens digit of 45?
4
What is the hundreds digit of 1592?
5
What is the hundreds digit of 23562?
5
What is the units digit of 763?
3
What is the tens digit of 426?
2
What is the hundreds digit of 3763?
7
What is the ten thousands digit of 28202?
2
What is the hundreds digit of 14062?
0
What is the units digit of 7957?
7
What is the tens digit of 4138?
3
What is the units digit of 19219?
9
What is the units digit of 495?
5
What is the units digit of 79898?
8
What is the hundreds digit of 1463?
4
What is the units digit of 3947?
7
What is the units digit of 196?
6
What is the thousands digit of 8147?
8
What is the units digit of 7398?
8
What is the tens digit of 1443?
4
What is the units digit of 1221?
1
What is the thousands digit of 10260?
0
What is the hundreds digit of 204?
2
What is the thousands digit of 3511?
3
What is the tens digit of 434?
3
What is the thousands digit of 1038?
1
What is the tens digit of 28?
2
What is the units digit of 31280?
0
What is the ten thousands digit of 69286?
6
What is the ten thousands digit of 10906?
1
What is the tens digit of 117787?
8
What is the hundreds digit of 5112?
1
What is the tens digit of 8667?
6
What is the thousands digit of 5115?
5
What is the ten thousands digit of 47892?
4
What is the units digit of 20477?
7
What is the tens digit of 1652?
5
What is the thousands digit of 1452?
1
What is the units digit of 3086?
6
What is the thousands digit of 3006?
3
What is the hundreds digit of 5729?
7
What is the hundreds digit of 806?
8
What is the hundreds digit of 29246?
2
What is the thousands digit of 2078?
2
What is the hundreds digit of 5637?
6
What is the hundreds digit of 9762?
7
What is the thousands digit of 5355?
5
What is the units digit of 133?
3
What is the tens digit of 2477?
7
What is the thousands digit of 137907?
7
What is the units digit of 18900?
0
What is the units digit of 673?
3
What is the thousands digit of 1607?
1
What is the hundreds digit of 2272?
2
What is the ten thousands digit of 33445?
3
What is the thousands digit of 8415?
8
What is the tens digit of 1991?
9
What is the units digit of 465?
5
What is the tens digit of 157?
5
What is the units digit of 114737?
7
What is the thousands digit of 1879?
1
What is the tens digit of 78762?
6
What is the thousands digit of 7121?
7
What is the hundreds digit of 942?
9
What is the thousands digit of 29476?
9
What is the units digit of 15304?
4
What is the thousands digit of 2158?
2
What is the tens digit of 5121?
2
What is the tens digit of 80?
8
What is the hundreds digit of 26799?
7
What is the thousands digit of 1057?
1
What is the units digit of 1322?
2
What is the tens digit of 62229?
2
What is the hundreds digit of 6346?
3
What is the ten thousands digit of 27232?
2
What is the ten thousands digit of 117142?
1
What is the ten thousands digit of 19195?
1
What is the units digit of 1234?
4
What is the hundreds digit of 2091?
0
What is the thousands digit of 3131?
3
What is the tens digit of 6521?
2
What is the tens digit of 49961?
6
What is the thousands digit of 91054?
1
What is the tens digit of 9599?
9
What is the units digit of 215?
5
What is the hundreds digit of 22509?
5
What is the ten thousands digit of 20130?
2
What is the thousands digit of 2018?
2
What is the ten thousands digit of 97100?
9
What is the hundreds digit of 19546?
5
What is the thousands digit of 91392?
1
What is the thousands digit of 5354?
5
What is the tens digit of 27460?
6
What is the hundreds digit of 2736?
7
What is the units digit of 33848?
8
What is the tens digit of 25263?
6
What is the ten thousands digit of 93255?
9
What is the units digit of 49812?
2
What is the hundreds digit of 7046?
0
What is the units digit of 5552?
2
What is the units digit of 146528?
8
What is the units digit of 1887?
7
What is the units digit of 960?
0
What is the tens digit of 2887?
8
What is the thousands digit of 58420?
8
What is the tens digit of 8934?
3
What is the tens digit of 1114?
1
What is the tens digit of 60578?
7
What is the tens digit of 5814?
1
What is the thousands digit of 20185?
0
What is the thousands digit of 5744?
5
What is the tens digit of 21768?
6
What is the tens digit of 72689?
8
What is the hundreds digit of 67407?
4
What is the units digit of 23049?
9
What is the units digit of 7413?
3
What is the units digit of 16423?
3
What is the thousands digit of 177410?
7
What is the hundreds digit of 546?
5
What is the thousands digit of 73112?
3
What is the hundreds digit of 23050?
0
What is the units digit of 1017?
7
What is the tens digit of 7942?
4
What is the tens digit of 4057?
5
What is the tens digit of 5450?
5
What is the tens digit of 14804?
0
What is the tens digit of 1281?
8
What is the thousands digit of 19164?
9
What is the thousands digit of 21115?
1
What is the units digit of 1913?
3
What is the tens digit of 727?
2
What is the ten thousands digit of 52796?
5
What is the hundreds digit of 145?
1
What is the units digit of 5315?
5
What is the units digit of 8760?
0
What is the tens digit of 1133?
3
What is the tens digit of 969?
6
What is the units digit of 108?
8
What is the thousands digit of 63184?
3
What is the ten thousands digit of 11160?
1
What is the tens digit of 17012?
1
What is the hundreds digit of 26157?
1
What is the thousands digit of 5055?
5
What is the units digit of 4530?
0
What is the units digit of 11325?
5
What is the thousands digit of 61041?
1
What is the thousands digit of 52634?
2
What is the tens digit of 11669?
6
What is the units digit of 20436?
6
What is the hundreds digit of 11425?
4
What is the tens digit of 519?
1
What is the thousands digit of 4979?
4
What is the units digit of 1240?
0
What is the hundreds digit of 450?
4
What is the hundred thousands digit of 127268?
1
What is the tens digit of 15283?
8
What is the hundreds digit of 4375?
3
What is the ten thousands digit of 13146?
1
What is the hundreds digit of 999?
9
What is the units digit of 31867?
7
What is the units digit of 27?
7
What is the units digit of 3238?
8
What is the thousands digit of 5178?
5
What is the thousands digit of 88985?
8
What is the hundreds digit of 154?
1
What is the tens digit of 6618?
1
What is the thousands digit of 17249?
7
What is the thousands digit of 2985?
2
What is the units digit of 217?
7
What is the thousands digit of 1314?
1
What is the thousands digit of 5579?
5
What is the tens digit of 1678?
7
What is the thousands digit of 14329?
4
What is the tens digit of 124251?
5
What is the hundreds digit of 5024?
0
What is the thousands digit of 39621?
9
What is the tens digit of 2876?
7
What is the units digit of 42870?
0
What is the hundreds digit of 1591?
5
What is the tens digit of 976?
7
What is the hundreds digit of 26172?
1
What is the tens digit of 482